{"id":843,"date":"2020-09-16T12:39:00","date_gmt":"2020-09-16T10:39:00","guid":{"rendered":"https:\/\/mingarden.de\/?page_id=843"},"modified":"2025-09-11T10:50:28","modified_gmt":"2025-09-11T08:50:28","slug":"fotos-und-infos","status":"publish","type":"page","link":"https:\/\/mingarden.de\/?page_id=843","title":{"rendered":"Fotos und Service"},"content":{"rendered":"\n<figure class=\"wp-block-gallery has-nested-images columns-default is-cropped wp-block-gallery-1 is-layout-flex wp-block-gallery-is-layout-flex\">\n<figure class=\"wp-block-image size-large\"><img loading=\"lazy\" decoding=\"async\" width=\"600\" height=\"379\" data-id=\"865\" src=\"https:\/\/mingarden.de\/wp-content\/uploads\/2019\/07\/Aussenansicht-1.jpg\" alt=\"\" class=\"wp-image-865\" srcset=\"https:\/\/mingarden.de\/wp-content\/uploads\/2019\/07\/Aussenansicht-1.jpg 600w, https:\/\/mingarden.de\/wp-content\/uploads\/2019\/07\/Aussenansicht-1-300x190.jpg 300w\" sizes=\"auto, (max-width: 600px) 100vw, 600px\" \/><\/figure>\n<\/figure>\n\n\n\n<p class=\"has-text-align-center has-black-color has-text-color has-medium-font-size\"><strong>Der Hoteleingang ist ges\u00e4umt von zwei gro\u00dfen Steinl\u00f6wen.<br>Um Ihr Gep\u00e4ck auszuladen k\u00f6nnen Sie in der Ladezone kurz halten.<\/strong><\/p>\n\n\n\n<figure class=\"wp-block-gallery has-nested-images columns-default is-cropped wp-block-gallery-2 is-layout-flex wp-block-gallery-is-layout-flex\">\n<figure class=\"wp-block-image size-large\"><img loading=\"lazy\" decoding=\"async\" width=\"864\" height=\"1024\" data-id=\"866\" src=\"https:\/\/mingarden.de\/wp-content\/uploads\/2019\/07\/20190731_145704-2-864x1024.jpg\" alt=\"\" class=\"wp-image-866\" srcset=\"https:\/\/mingarden.de\/wp-content\/uploads\/2019\/07\/20190731_145704-2-864x1024.jpg 864w, https:\/\/mingarden.de\/wp-content\/uploads\/2019\/07\/20190731_145704-2-253x300.jpg 253w, https:\/\/mingarden.de\/wp-content\/uploads\/2019\/07\/20190731_145704-2-768x911.jpg 768w, https:\/\/mingarden.de\/wp-content\/uploads\/2019\/07\/20190731_145704-2-892x1058.jpg 892w, https:\/\/mingarden.de\/wp-content\/uploads\/2019\/07\/20190731_145704-2.jpg 1960w\" sizes=\"auto, (max-width: 864px) 100vw, 864px\" \/><\/figure>\n\n\n\n<figure class=\"wp-block-image size-large\"><img loading=\"lazy\" decoding=\"async\" width=\"2560\" height=\"1701\" data-id=\"1265\" src=\"https:\/\/mingarden.de\/wp-content\/uploads\/2020\/09\/Reze-scaled.jpg\" alt=\"\" class=\"wp-image-1265\" srcset=\"https:\/\/mingarden.de\/wp-content\/uploads\/2020\/09\/Reze-scaled.jpg 2560w, https:\/\/mingarden.de\/wp-content\/uploads\/2020\/09\/Reze-300x199.jpg 300w, https:\/\/mingarden.de\/wp-content\/uploads\/2020\/09\/Reze-768x510.jpg 768w, https:\/\/mingarden.de\/wp-content\/uploads\/2020\/09\/Reze-2048x1361.jpg 2048w, https:\/\/mingarden.de\/wp-content\/uploads\/2020\/09\/Reze-892x593.jpg 892w, https:\/\/mingarden.de\/wp-content\/uploads\/2020\/09\/Reze-150x100.jpg 150w\" sizes=\"auto, (max-width: 2560px) 100vw, 2560px\" \/><\/figure>\n<\/figure>\n\n\n\n<p class=\"has-text-align-center has-black-color has-text-color has-medium-font-size\"><strong>Unsere gem\u00fctliche Lobby l\u00e4dt zum entspannten zusammensitzen ein. Eine Maxi-Bar steht zur Selbstbedienung bereit. Rund um die Uhr stehen Tee, Kaffee und Wasser kostenfrei zur Verf\u00fcgung<\/strong>.<\/p>\n\n\n\n<figure class=\"wp-block-gallery has-nested-images columns-default is-cropped wp-block-gallery-3 is-layout-flex wp-block-gallery-is-layout-flex\">\n<figure class=\"wp-block-image size-large\"><img loading=\"lazy\" decoding=\"async\" width=\"1024\" height=\"683\" data-id=\"868\" src=\"https:\/\/mingarden.de\/wp-content\/uploads\/2019\/07\/Ausblick-1-1024x683.jpg\" alt=\"\" class=\"wp-image-868\" srcset=\"https:\/\/mingarden.de\/wp-content\/uploads\/2019\/07\/Ausblick-1-1024x683.jpg 1024w, https:\/\/mingarden.de\/wp-content\/uploads\/2019\/07\/Ausblick-1-300x200.jpg 300w, https:\/\/mingarden.de\/wp-content\/uploads\/2019\/07\/Ausblick-1-768x512.jpg 768w, https:\/\/mingarden.de\/wp-content\/uploads\/2019\/07\/Ausblick-1-892x594.jpg 892w, https:\/\/mingarden.de\/wp-content\/uploads\/2019\/07\/Ausblick-1-150x100.jpg 150w\" sizes=\"auto, (max-width: 1024px) 100vw, 1024px\" \/><\/figure>\n\n\n\n<figure class=\"wp-block-image size-large\"><img loading=\"lazy\" decoding=\"async\" width=\"1024\" height=\"681\" data-id=\"869\" src=\"https:\/\/mingarden.de\/wp-content\/uploads\/2019\/07\/spielplatz-1024x681.jpg\" alt=\"\" class=\"wp-image-869\" srcset=\"https:\/\/mingarden.de\/wp-content\/uploads\/2019\/07\/spielplatz-1024x681.jpg 1024w, https:\/\/mingarden.de\/wp-content\/uploads\/2019\/07\/spielplatz-300x199.jpg 300w, https:\/\/mingarden.de\/wp-content\/uploads\/2019\/07\/spielplatz-768x510.jpg 768w, https:\/\/mingarden.de\/wp-content\/uploads\/2019\/07\/spielplatz-892x594.jpg 892w, https:\/\/mingarden.de\/wp-content\/uploads\/2019\/07\/spielplatz-150x100.jpg 150w\" sizes=\"auto, (max-width: 1024px) 100vw, 1024px\" \/><\/figure>\n<\/figure>\n\n\n\n<p class=\"has-text-align-center has-black-color has-text-color has-medium-font-size\"><strong>Zentral und famili\u00e4r im Herzen von Pempelfort erreichen Sie die Hotspots D\u00fcsseldorfs in k\u00fcrzester Zeit. Zum Rhein in 10 Minuten, in die Altstadt in weiteren 5 Minuten. Zur Messe und den Kongresshallen sind es nur 20 Minuten. Und auch am Flughafen sind Sie mit dem Taxi in 20 Minuten. Perfekte Ausgangslage f\u00fcr Ihren perfekten Aufenthalt in D\u00fcsseldorf.<\/strong><\/p>\n\n\n\n<figure class=\"wp-block-gallery has-nested-images columns-default is-cropped wp-block-gallery-4 is-layout-flex wp-block-gallery-is-layout-flex\">\n<figure class=\"wp-block-image size-large\"><img loading=\"lazy\" decoding=\"async\" width=\"1024\" height=\"768\" data-id=\"873\" src=\"https:\/\/mingarden.de\/wp-content\/uploads\/2019\/07\/P8240179-1024x768.jpg\" alt=\"\" class=\"wp-image-873\" srcset=\"https:\/\/mingarden.de\/wp-content\/uploads\/2019\/07\/P8240179-1024x768.jpg 1024w, https:\/\/mingarden.de\/wp-content\/uploads\/2019\/07\/P8240179-300x225.jpg 300w, https:\/\/mingarden.de\/wp-content\/uploads\/2019\/07\/P8240179-768x576.jpg 768w, https:\/\/mingarden.de\/wp-content\/uploads\/2019\/07\/P8240179-892x669.jpg 892w\" sizes=\"auto, (max-width: 1024px) 100vw, 1024px\" \/><\/figure>\n\n\n\n<figure class=\"wp-block-image size-large\"><img loading=\"lazy\" decoding=\"async\" width=\"1024\" height=\"768\" data-id=\"874\" src=\"https:\/\/mingarden.de\/wp-content\/uploads\/2019\/07\/P8240181-1024x768.jpg\" alt=\"\" class=\"wp-image-874\" srcset=\"https:\/\/mingarden.de\/wp-content\/uploads\/2019\/07\/P8240181-1024x768.jpg 1024w, https:\/\/mingarden.de\/wp-content\/uploads\/2019\/07\/P8240181-300x225.jpg 300w, https:\/\/mingarden.de\/wp-content\/uploads\/2019\/07\/P8240181-768x576.jpg 768w, https:\/\/mingarden.de\/wp-content\/uploads\/2019\/07\/P8240181-892x669.jpg 892w\" sizes=\"auto, (max-width: 1024px) 100vw, 1024px\" \/><\/figure>\n\n\n\n<figure class=\"wp-block-image size-large\"><img loading=\"lazy\" decoding=\"async\" width=\"1024\" height=\"768\" data-id=\"1260\" src=\"https:\/\/mingarden.de\/wp-content\/uploads\/2020\/09\/Bad1-1024x768.jpg\" alt=\"\" class=\"wp-image-1260\" srcset=\"https:\/\/mingarden.de\/wp-content\/uploads\/2020\/09\/Bad1-1024x768.jpg 1024w, https:\/\/mingarden.de\/wp-content\/uploads\/2020\/09\/Bad1-300x225.jpg 300w, https:\/\/mingarden.de\/wp-content\/uploads\/2020\/09\/Bad1-768x576.jpg 768w, https:\/\/mingarden.de\/wp-content\/uploads\/2020\/09\/Bad1-1536x1152.jpg 1536w, https:\/\/mingarden.de\/wp-content\/uploads\/2020\/09\/Bad1-2048x1536.jpg 2048w, https:\/\/mingarden.de\/wp-content\/uploads\/2020\/09\/Bad1-892x669.jpg 892w\" sizes=\"auto, (max-width: 1024px) 100vw, 1024px\" \/><\/figure>\n\n\n\n<figure class=\"wp-block-image size-large\"><img loading=\"lazy\" decoding=\"async\" width=\"2560\" height=\"1701\" data-id=\"1263\" src=\"https:\/\/mingarden.de\/wp-content\/uploads\/2020\/09\/th-scaled.jpg\" alt=\"\" class=\"wp-image-1263\" srcset=\"https:\/\/mingarden.de\/wp-content\/uploads\/2020\/09\/th-scaled.jpg 2560w, https:\/\/mingarden.de\/wp-content\/uploads\/2020\/09\/th-300x199.jpg 300w, https:\/\/mingarden.de\/wp-content\/uploads\/2020\/09\/th-768x510.jpg 768w, https:\/\/mingarden.de\/wp-content\/uploads\/2020\/09\/th-2048x1361.jpg 2048w, https:\/\/mingarden.de\/wp-content\/uploads\/2020\/09\/th-892x593.jpg 892w\" sizes=\"auto, (max-width: 2560px) 100vw, 2560px\" \/><\/figure>\n\n\n\n<figure class=\"wp-block-image size-large\"><img loading=\"lazy\" decoding=\"async\" width=\"2560\" height=\"1836\" data-id=\"1261\" src=\"https:\/\/mingarden.de\/wp-content\/uploads\/2020\/09\/Komfort1-scaled.jpg\" alt=\"\" class=\"wp-image-1261\" srcset=\"https:\/\/mingarden.de\/wp-content\/uploads\/2020\/09\/Komfort1-scaled.jpg 2560w, https:\/\/mingarden.de\/wp-content\/uploads\/2020\/09\/Komfort1-300x215.jpg 300w, https:\/\/mingarden.de\/wp-content\/uploads\/2020\/09\/Komfort1-768x551.jpg 768w, https:\/\/mingarden.de\/wp-content\/uploads\/2020\/09\/Komfort1-1536x1101.jpg 1536w, https:\/\/mingarden.de\/wp-content\/uploads\/2020\/09\/Komfort1-2048x1469.jpg 2048w\" sizes=\"auto, (max-width: 2560px) 100vw, 2560px\" \/><\/figure>\n\n\n\n<figure class=\"wp-block-image size-large\"><img loading=\"lazy\" decoding=\"async\" width=\"2560\" height=\"1701\" data-id=\"1264\" src=\"https:\/\/mingarden.de\/wp-content\/uploads\/2020\/09\/hfc-scaled.jpg\" alt=\"\" class=\"wp-image-1264\" srcset=\"https:\/\/mingarden.de\/wp-content\/uploads\/2020\/09\/hfc-scaled.jpg 2560w, https:\/\/mingarden.de\/wp-content\/uploads\/2020\/09\/hfc-300x199.jpg 300w, https:\/\/mingarden.de\/wp-content\/uploads\/2020\/09\/hfc-768x510.jpg 768w, https:\/\/mingarden.de\/wp-content\/uploads\/2020\/09\/hfc-2048x1361.jpg 2048w\" sizes=\"auto, (max-width: 2560px) 100vw, 2560px\" \/><\/figure>\n\n\n\n<figure class=\"wp-block-image size-large\"><img loading=\"lazy\" decoding=\"async\" width=\"1024\" height=\"680\" data-id=\"1373\" src=\"https:\/\/mingarden.de\/wp-content\/uploads\/2021\/03\/gx-1024x680.jpg\" alt=\"\" class=\"wp-image-1373\" srcset=\"https:\/\/mingarden.de\/wp-content\/uploads\/2021\/03\/gx-1024x680.jpg 1024w, https:\/\/mingarden.de\/wp-content\/uploads\/2021\/03\/gx-300x199.jpg 300w, https:\/\/mingarden.de\/wp-content\/uploads\/2021\/03\/gx-768x510.jpg 768w, https:\/\/mingarden.de\/wp-content\/uploads\/2021\/03\/gx-1536x1021.jpg 1536w, https:\/\/mingarden.de\/wp-content\/uploads\/2021\/03\/gx-2048x1361.jpg 2048w, https:\/\/mingarden.de\/wp-content\/uploads\/2021\/03\/gx-892x593.jpg 892w, https:\/\/mingarden.de\/wp-content\/uploads\/2021\/03\/gx-150x100.jpg 150w\" sizes=\"auto, (max-width: 1024px) 100vw, 1024px\" \/><\/figure>\n\n\n\n<figure class=\"wp-block-image size-large\"><img loading=\"lazy\" decoding=\"async\" width=\"1024\" height=\"680\" data-id=\"1376\" src=\"https:\/\/mingarden.de\/wp-content\/uploads\/2021\/03\/Hotel2019-39-of-83-1-1024x680.jpg\" alt=\"\" class=\"wp-image-1376\" srcset=\"https:\/\/mingarden.de\/wp-content\/uploads\/2021\/03\/Hotel2019-39-of-83-1-1024x680.jpg 1024w, https:\/\/mingarden.de\/wp-content\/uploads\/2021\/03\/Hotel2019-39-of-83-1-300x199.jpg 300w, https:\/\/mingarden.de\/wp-content\/uploads\/2021\/03\/Hotel2019-39-of-83-1-768x510.jpg 768w, https:\/\/mingarden.de\/wp-content\/uploads\/2021\/03\/Hotel2019-39-of-83-1-1536x1021.jpg 1536w, https:\/\/mingarden.de\/wp-content\/uploads\/2021\/03\/Hotel2019-39-of-83-1-2048x1361.jpg 2048w, https:\/\/mingarden.de\/wp-content\/uploads\/2021\/03\/Hotel2019-39-of-83-1-892x593.jpg 892w, https:\/\/mingarden.de\/wp-content\/uploads\/2021\/03\/Hotel2019-39-of-83-1-150x100.jpg 150w\" sizes=\"auto, (max-width: 1024px) 100vw, 1024px\" \/><\/figure>\n<\/figure>\n\n\n\n<p class=\"has-text-align-center has-black-color has-text-color has-medium-font-size\"><strong>Alle Zimmer wurden 2015 frisch und mit viel Liebe zum Detail renoviert. Alle Badezimmer sind mit einem gro\u00dfen Spiegel, einer gro\u00dfz\u00fcgigen Dusche und warmen Holzelementen ausgestattet. Ein F\u00f6hn, ein Handtuchw\u00e4rmer und gratis Pflegepodukte stehen f\u00fcr Sie bereit. <\/strong><\/p>\n\n\n\n<figure class=\"wp-block-gallery has-nested-images columns-default is-cropped wp-block-gallery-5 is-layout-flex wp-block-gallery-is-layout-flex\">\n<figure class=\"wp-block-image size-large\"><img loading=\"lazy\" decoding=\"async\" width=\"1024\" height=\"498\" data-id=\"1274\" src=\"https:\/\/mingarden.de\/wp-content\/uploads\/2020\/09\/20190704_071832-2-1024x498.jpg\" alt=\"\" class=\"wp-image-1274\" srcset=\"https:\/\/mingarden.de\/wp-content\/uploads\/2020\/09\/20190704_071832-2-1024x498.jpg 1024w, https:\/\/mingarden.de\/wp-content\/uploads\/2020\/09\/20190704_071832-2-300x146.jpg 300w, https:\/\/mingarden.de\/wp-content\/uploads\/2020\/09\/20190704_071832-2-768x373.jpg 768w, https:\/\/mingarden.de\/wp-content\/uploads\/2020\/09\/20190704_071832-2-1536x747.jpg 1536w, https:\/\/mingarden.de\/wp-content\/uploads\/2020\/09\/20190704_071832-2-2048x996.jpg 2048w, https:\/\/mingarden.de\/wp-content\/uploads\/2020\/09\/20190704_071832-2-892x434.jpg 892w\" sizes=\"auto, (max-width: 1024px) 100vw, 1024px\" \/><\/figure>\n\n\n\n<figure class=\"wp-block-image size-large\"><img loading=\"lazy\" decoding=\"async\" width=\"1024\" height=\"657\" data-id=\"1277\" src=\"https:\/\/mingarden.de\/wp-content\/uploads\/2020\/09\/20190704_071804-2-1-1024x657.jpg\" alt=\"\" class=\"wp-image-1277\" srcset=\"https:\/\/mingarden.de\/wp-content\/uploads\/2020\/09\/20190704_071804-2-1-1024x657.jpg 1024w, https:\/\/mingarden.de\/wp-content\/uploads\/2020\/09\/20190704_071804-2-1-300x193.jpg 300w, https:\/\/mingarden.de\/wp-content\/uploads\/2020\/09\/20190704_071804-2-1-768x493.jpg 768w, https:\/\/mingarden.de\/wp-content\/uploads\/2020\/09\/20190704_071804-2-1-1536x986.jpg 1536w, https:\/\/mingarden.de\/wp-content\/uploads\/2020\/09\/20190704_071804-2-1-2048x1314.jpg 2048w, https:\/\/mingarden.de\/wp-content\/uploads\/2020\/09\/20190704_071804-2-1-892x572.jpg 892w\" sizes=\"auto, (max-width: 1024px) 100vw, 1024px\" \/><\/figure>\n\n\n\n<figure class=\"wp-block-image size-large\"><img loading=\"lazy\" decoding=\"async\" width=\"600\" height=\"423\" data-id=\"846\" src=\"https:\/\/mingarden.de\/wp-content\/uploads\/2019\/07\/Fr\u00fchst\u00fccksraum-1.jpg\" alt=\"\" class=\"wp-image-846\" srcset=\"https:\/\/mingarden.de\/wp-content\/uploads\/2019\/07\/Fr\u00fchst\u00fccksraum-1.jpg 600w, https:\/\/mingarden.de\/wp-content\/uploads\/2019\/07\/Fr\u00fchst\u00fccksraum-1-300x212.jpg 300w\" sizes=\"auto, (max-width: 600px) 100vw, 600px\" \/><\/figure>\n<\/figure>\n\n\n\n<p class=\"has-text-align-center has-black-color has-text-color has-medium-font-size\"><strong>In unserem hellen und offenen Fr\u00fchst\u00fccksraum starten Sie perfekt in den Tag. Gerne gehen wir auf Ihre Ern\u00e4hrungsbed\u00fcrfnisse ein. Vegan, vegetarisch, glutenfrei oder laktosefrei.<br>Im Fr\u00fchst\u00fcckspreis von 14,00\u20ac ist alles enthalten, was Sie gut in den Tag starten l\u00e4sst.<\/strong><\/p>\n\n\n\n<h1 class=\"wp-block-heading has-text-align-center\">Service<\/h1>\n\n\n\n<p class=\"has-text-align-center\"><strong>Damit Sie sich jederzeit zuhause f\u00fchlen\u2026.<\/strong><\/p>\n\n\n\n<ul class=\"wp-block-list\">\n<li><strong>Print &amp; Ticketservice (gegen Geb\u00fchr)<\/strong><\/li>\n\n\n\n<li><strong>Check-in ab 14 Uhr bis 23 Uhr (Early Check-in auf Anfrage)<\/strong><\/li>\n\n\n\n<li><strong>Check-out ab 7 Uhr bis 12 Uhr   (Late check-out auf Anfrage) <\/strong><\/li>\n\n\n\n<li><strong>sichere Gep\u00e4ckaufbewahrung (kostenfrei)<\/strong><\/li>\n\n\n\n<li><strong>gratis Tee, Kaffee und Wasser in der Lobby<\/strong><\/li>\n\n\n\n<li><strong>gratis Flasche Wasser bei Ihrer Anreise auf dem Zimmer<\/strong><\/li>\n\n\n\n<li><strong>reichhaltiges Fr\u00fchst\u00fccksbuffet (14,00\u20acpro Person\/Tag)<\/strong><\/li>\n\n\n\n<li><strong>Allergikerfr\u00fchst\u00fcck\/vegan auf Wunsch (24Std. vor Anreise)<\/strong><\/li>\n\n\n\n<li><strong>Fr\u00fchst\u00fcckszeiten      Mo.-Fr.      07:00 \u2013 09:30 Uhr<\/strong><\/li>\n\n\n\n<li><strong>Fr\u00fchst\u00fcckszeiten      Sa.-So        08:00 \u2013 11:00 Uhr<\/strong><\/li>\n\n\n\n<li><strong>Lunchpackete auf Anfrage erh\u00e4ltlich<\/strong> <\/li>\n\n\n\n<li><strong>gut bef\u00fcllte Maxibar in unserem gem\u00fctlichem Lobbybereich<\/strong><\/li>\n\n\n\n<li><strong>kostenfreies Babybett bis 24 Monate<\/strong><\/li>\n\n\n\n<li><strong>Kinder bis 6 Jahre schlafen im Bett der Eltern kostenfrei<\/strong><\/li>\n\n\n\n<li><strong>Zus\u00e4tzliche Personen ab 7 Jahren kosten 25,00\u20ac Aufschlag pro Nacht<\/strong><\/li>\n\n\n\n<li><strong>Hunde sind Willkommen und kosten pro Tag 10,00\u20ac<\/strong><\/li>\n\n\n\n<li><strong>B\u00fcgeleisen und B\u00fcgelbrett ausleihbar<\/strong> <strong>(kostenfrei)<\/strong><\/li>\n\n\n\n<li><strong>Laundryservice gegen Aufpreis<\/strong><\/li>\n\n\n\n<li><strong>Adapter, Regenschirme, Wasserkocher ausleihbar (kostenfrei)<\/strong><\/li>\n\n\n\n<li><strong>Ladekabel f\u00fcr diverse Handy\u00b4s ebenfalls an der Rezeption  (kostenfrei)<\/strong><\/li>\n\n\n\n<li><strong>Notfallkrawatten und vieles mehr, an der Rezeption ebenfalls kostenfrei ausleihbar<\/strong><\/li>\n\n\n\n<li><strong>Zahnb\u00fcrste, Zahnpasta, Rasierer und Schaum kostenfrei an der Rezeption verf\u00fcgbar<\/strong><\/li>\n<\/ul>\n\n\n\n<p><\/p>\n\n\n\n<p><\/p>\n\n\n\n<p class=\"has-text-align-center has-red-color has-text-color has-large-font-size\"><strong>Unser Hotel hat KEINE Klimaanlage!<\/strong><\/p>\n","protected":false},"excerpt":{"rendered":"<p>Der Hoteleingang ist ges\u00e4umt von zwei gro\u00dfen Steinl\u00f6wen.Um Ihr Gep\u00e4ck auszuladen k\u00f6nnen Sie in der Ladezone kurz halten. Unsere gem\u00fctliche Lobby l\u00e4dt zum entspannten zusammensitzen ein. Eine Maxi-Bar steht zur Selbstbedienung bereit. Rund um die Uhr stehen Tee, Kaffee und Wasser kostenfrei zur Verf\u00fcgung. Zentral und famili\u00e4r im Herzen von Pempelfort erreichen Sie die Hotspots [&hellip;]<\/p>\n","protected":false},"author":2,"featured_media":871,"parent":0,"menu_order":0,"comment_status":"closed","ping_status":"closed","template":"","meta":{"footnotes":""},"class_list":["post-843","page","type-page","status-publish","has-post-thumbnail","hentry"],"_links":{"self":[{"href":"https:\/\/mingarden.de\/index.php?rest_route=\/wp\/v2\/pages\/843","targetHints":{"allow":["GET"]}}],"collection":[{"href":"https:\/\/mingarden.de\/index.php?rest_route=\/wp\/v2\/pages"}],"about":[{"href":"https:\/\/mingarden.de\/index.php?rest_route=\/wp\/v2\/types\/page"}],"author":[{"embeddable":true,"href":"https:\/\/mingarden.de\/index.php?rest_route=\/wp\/v2\/users\/2"}],"replies":[{"embeddable":true,"href":"https:\/\/mingarden.de\/index.php?rest_route=%2Fwp%2Fv2%2Fcomments&post=843"}],"version-history":[{"count":22,"href":"https:\/\/mingarden.de\/index.php?rest_route=\/wp\/v2\/pages\/843\/revisions"}],"predecessor-version":[{"id":2114,"href":"https:\/\/mingarden.de\/index.php?rest_route=\/wp\/v2\/pages\/843\/revisions\/2114"}],"wp:featuredmedia":[{"embeddable":true,"href":"https:\/\/mingarden.de\/index.php?rest_route=\/wp\/v2\/media\/871"}],"wp:attachment":[{"href":"https:\/\/mingarden.de\/index.php?rest_route=%2Fwp%2Fv2%2Fmedia&parent=843"}],"curies":[{"name":"wp","href":"https:\/\/api.w.org\/{rel}","templated":true}]}}