{"id":20,"date":"2019-01-29T17:07:24","date_gmt":"2019-01-29T16:07:24","guid":{"rendered":"http:\/\/localhost\/wordpress2\/?page_id=20"},"modified":"2025-09-15T11:11:39","modified_gmt":"2025-09-15T09:11:39","slug":"anfahrt","status":"publish","type":"page","link":"https:\/\/mingarden.de\/?page_id=20","title":{"rendered":"Anfahrt &#038; Parken"},"content":{"rendered":"\n<p><strong>Mit der Bahn vom Haupfbahnhof&#8230;.<\/strong><\/p>\n\n\n\n<p>Vom Hauptbahnhof D\u00fcsseldorf aus fahren Sie mit der <strong>U78<\/strong> oder <strong>U79<\/strong> bis zur Station <strong>ERGO-Platz\/Kleve Strasse<\/strong> (max. 7 Minuten). Nehmen Sie den Ausgang <strong>Cordobastra\u00dfe<\/strong>. Wenn Sie nun aus der U-Bahnhaltestelle kommen und noch ca. 15m weiter geradeaus gehen, kommt links ein garagentorgro\u00dfer Durchgang. Durch diesen kommen Sie in unseren Innenhof. Wenn Sie auf der anderen Seite herauskommen, ist unser Hotel gleich rechts. Der Eingang befindet sich dann zwischen den zwei gro\u00dfen Steinl\u00f6wen.  <\/p>\n\n\n\n<p class=\"has-text-align-center has-large-font-size\"><a href=\"https:\/\/www.rheinbahn.de\/\" target=\"_blank\" rel=\"noreferrer noopener\"><strong>Fahrplanauskunft Rheinbahn<\/strong><\/a><\/p>\n\n\n\n<figure class=\"wp-block-image size-large\"><img loading=\"lazy\" decoding=\"async\" width=\"1024\" height=\"524\" src=\"https:\/\/mingarden.de\/wp-content\/uploads\/2020\/09\/Fussweg-Hotel-1024x524.gif\" alt=\"\" class=\"wp-image-1271\" srcset=\"https:\/\/mingarden.de\/wp-content\/uploads\/2020\/09\/Fussweg-Hotel-1024x524.gif 1024w, https:\/\/mingarden.de\/wp-content\/uploads\/2020\/09\/Fussweg-Hotel-300x154.gif 300w, https:\/\/mingarden.de\/wp-content\/uploads\/2020\/09\/Fussweg-Hotel-768x393.gif 768w, https:\/\/mingarden.de\/wp-content\/uploads\/2020\/09\/Fussweg-Hotel-892x457.gif 892w\" sizes=\"auto, (max-width: 1024px) 100vw, 1024px\" \/><\/figure>\n\n\n\n<p> <strong>Mit dem Auto von S\u00fcden:<\/strong> <br>Am besten den \nWegweisern Messe\/ Stadion folgen. Bei Anfahrt durch den Rheinufertunnel \nnach ca. 800m rechts in die Klever Stra\u00dfe einbiegen. Bei der 2. Ampel \nrechts in die Kaiserswerther Stra\u00dfe einbiegen. Bei Anreise \u00fcber die \nBerliner Allee, Kaiser-, Fischerstra\u00dfe rechts in die Klever Stra\u00dfe \nabbiegen, bei der 1. Ampel rechts. Nach ca. 100m erreichen Sie das Hotel\n MinGarden. \n<\/p>\n\n\n\n<p> <strong>Mit dem Auto von Norden\/Flughafen:<\/strong> <br>Von  der A44 auf die Danziger Stra\u00dfe (B8) Richtung Innenstadt einbiegen.  Geradeaus weiterfahren \u00fcber die \u00dcberf\u00fchrung auf den Kennedydamm. An der  Ampel weiter geradeaus in Homberger Stra\u00dfe. Dem Verkehr folgend  halblinks in die Cecilienallee einbiegen. Links einordnen und an der  n\u00e4chsten Ampel links in die Klever Stra\u00dfe einbiegen. An der 2. Ampel  rechts in die Kaiserswerther Stra\u00dfe biegen. Nach ca. 100m erreichen Sie  das Hotel MinGarden.  <\/p>\n\n\n\n<p class=\"has-text-align-center has-large-font-size\"><strong>Wo k\u00f6nnen Sie parken?<\/strong><\/p>\n\n\n\n<p><strong>Im Hotel-Parkhaus&#8230; <\/strong> Unser Hotel verf\u00fcgt \u00fcber eigene Parkpl\u00e4tze, die nicht reserviert werden k\u00f6nnen. Da es sich um 8 <strong>Rampenparkpl\u00e4tze<\/strong> handelt, k\u00f6nnen <strong>keine SUV\u00b4s, Sprinter oder Fahrzeuge \u00fcber 2 Tonnen<\/strong> dort parken. <strong>Normale Parkpl\u00e4tze<\/strong> f\u00fcr Sprinter oder SUV\u00b4s sind nur <strong>4 <\/strong>vorhanden. Bei Anreise fragen Sie an der Rezeption nach einem freien Parkplatz. <strong>Dieser kostet pro Nacht 25,00\u20ac. <\/strong><\/p>\n\n\n\n<p><strong>An der Strasse&#8230;.<\/strong>                                                                                                                                                                                    an der Strasse ist am Wochenende ab Freitagabend 20:00 Uhr bis Montagmorgen 8:00 Uhr das Parken kostenfrei. Ebenfalls kostenfrei, ist das Parken in der Woche von Montag bis Freitag ab 20:00 Uhr bis zum n\u00e4chsten Morgens 8:00 Uhr. Parkgeb\u00fchren und bezahlpflichtige Zeiten entnehmen Sie den Automaten und Beschilderungen. <strong>Fahrzeuge mit einer H\u00f6he von \u00fcber 2m k\u00f6nnen k\u00f6nnen am Parkplatz Rheinterrasse \/ Tonhalle D\u00fcsseldorf, Robert-Lehr-Ufer 1 geparkt werden. Fu\u00dfl\u00e4ufig ca 10 Minuten vom Hotel entfernt. <\/strong><\/p>\n\n\n\n<h2 class=\"wp-block-heading has-text-align-center\"><strong>\u00d6ffentliche Parkh\u00e4user<\/strong><\/h2>\n\n\n\n<p class=\"has-text-align-center\"> Folgende \u00f6ffentliche Parkh\u00e4user befinden sich in unmittelbarer N\u00e4he.<\/p>\n\n\n\n<p class=\"has-text-align-center\"><strong>Entfernung zum Hotel:  20 Meter <\/strong><\/p>\n\n\n\n<p class=\"has-text-align-center has-red-color has-whitesmoke-background-color has-text-color has-background\"><strong><a rel=\"noreferrer noopener\" href=\"https:\/\/www.q-park.de\/de-de\/shop\/prebooking\/product\/?pId=22237&amp;placeid=18543&amp;startdate=19.09.2022&amp;starttime=14:30&amp;enddate=20.09.2022&amp;endtime=14:30&amp;prodid=19079&amp;bpoModifiersSid=3b6df28d-e206-4607-9f8f-c6b691885e89&amp;sid=6a9584b0-62f6-4e8e-b02e-3f1f947e7a5e\" data-type=\"URL\" data-id=\"https:\/\/www.q-park.de\/de-de\/shop\/prebooking\/product\/?pId=22237&amp;placeid=18543&amp;startdate=19.09.2022&amp;starttime=14:30&amp;enddate=20.09.2022&amp;endtime=14:30&amp;prodid=19079&amp;bpoModifiersSid=3b6df28d-e206-4607-9f8f-c6b691885e89&amp;sid=6a9584b0-62f6-4e8e-b02e-3f1f947e7a5e\" target=\"_blank\">RESERVIEREN SIE SICH HIER IHREN PARKPLATZ IM \u00d6FFENTLICHEN PARKHAUS G\u00dcNSTIGER VOR!<\/a><\/strong><\/p>\n\n\n\n<p class=\"has-text-align-center\"><strong>&nbsp;                                                            ***<\/strong><\/p>\n\n\n\n<p class=\"has-text-align-center\"><strong>Entfernung zum Hotel:  500 Meter<\/strong><\/p>\n\n\n\n<p class=\"has-text-align-center has-medium-font-size\"><strong><a href=\"http:\/\/www.bb-parkhaus.de\/parken\/duesseldorf\/parkhaus\/duesseldorf-scheibenstrasse\/?cHash=9be252130948fb5f77b96f730b56603f\" data-type=\"URL\" data-id=\"http:\/\/www.bb-parkhaus.de\/parken\/duesseldorf\/parkhaus\/duesseldorf-scheibenstrasse\/?cHash=9be252130948fb5f77b96f730b56603f\" target=\"_blank\" rel=\"noreferrer noopener\">Parkhaus Scheibenstra\u00dfe<\/a><\/strong><\/p>\n\n\n\n<p class=\"has-text-align-center\"><strong>                                                            ***<\/strong><\/p>\n\n\n\n<p class=\"has-text-align-center\" style=\"font-size:15px\"><strong>Enfernung zum Hotel: 500 Meter<\/strong><\/p>\n\n\n\n<p class=\"has-text-align-center has-medium-font-size\"><strong><a href=\"https:\/\/www.pgv-tophofen.de\/parkhaus\/parken-in-duesseldorf\/\" data-type=\"URL\" data-id=\"https:\/\/www.pgv-tophofen.de\/parkhaus\/parken-in-duesseldorf\/\" target=\"_blank\" rel=\"noreferrer noopener\">Parkhaus Nordstra\u00dfe<\/a><\/strong><\/p>\n\n\n\n<p class=\"has-text-align-center\"><strong>                                                            ***\ufeff<\/strong><\/p>\n\n\n\n<p class=\"has-text-align-center\" style=\"font-size:15px\"><strong>Entfernung zum Hotel: 550 Meter<\/strong><\/p>\n\n\n\n<p class=\"has-text-align-center has-medium-font-size\"><strong><a href=\"https:\/\/www.apcoa.de\/parken\/duesseldorf\/dieterich-karree\/\" data-type=\"URL\" data-id=\"https:\/\/www.apcoa.de\/parken\/duesseldorf\/dieterich-karree\/\" target=\"_blank\" rel=\"noreferrer noopener\">Tiefgarage Dieterich-Karree<\/a><\/strong><\/p>\n\n\n\n<p class=\"has-text-align-center\"><strong>***<\/strong><\/p>\n\n\n\n<p class=\"has-text-align-center\" style=\"font-size:15px\"><strong>Entfernung zum Hotel: 700 Meter    <mark style=\"background-color:rgba(0, 0, 0, 0)\" class=\"has-inline-color has-red-color\">F\u00fcr Fahrzeuge bis 4m H\u00f6he! <\/mark><\/strong><\/p>\n\n\n\n<p class=\"has-text-align-center has-medium-font-size\"><strong><a href=\"https:\/\/www.goldbeck-parking.de\/parkplatzsuche#\/p\/7080\/Rheinterrasse%2FTonhalle\" data-type=\"URL\" data-id=\"https:\/\/www.goldbeck-parking.de\/parkplatzsuche#\/p\/7080\/Rheinterrasse%2FTonhalle\" target=\"_blank\" rel=\"noreferrer noopener\">Rheinterrasse\/Tonhalle<\/a><\/strong><\/p>\n\n\n\n<figure class=\"wp-block-gallery has-nested-images columns-default is-cropped wp-block-gallery-1 is-layout-flex wp-block-gallery-is-layout-flex\">\n<figure class=\"wp-block-image size-large\"><img loading=\"lazy\" decoding=\"async\" width=\"1024\" height=\"768\" data-id=\"279\" src=\"http:\/\/mingarden.eu\/wp-content\/uploads\/2019\/02\/architecture-827113_1920-1024x768.jpg\" alt=\"\" class=\"wp-image-279\" srcset=\"https:\/\/mingarden.de\/wp-content\/uploads\/2019\/02\/architecture-827113_1920-1024x768.jpg 1024w, https:\/\/mingarden.de\/wp-content\/uploads\/2019\/02\/architecture-827113_1920-300x225.jpg 300w, https:\/\/mingarden.de\/wp-content\/uploads\/2019\/02\/architecture-827113_1920-768x576.jpg 768w, https:\/\/mingarden.de\/wp-content\/uploads\/2019\/02\/architecture-827113_1920-892x669.jpg 892w, https:\/\/mingarden.de\/wp-content\/uploads\/2019\/02\/architecture-827113_1920.jpg 1920w\" sizes=\"auto, (max-width: 1024px) 100vw, 1024px\" \/><\/figure>\n\n\n\n<figure class=\"wp-block-image size-large\"><img loading=\"lazy\" decoding=\"async\" width=\"1024\" height=\"683\" data-id=\"280\" src=\"http:\/\/mingarden.eu\/wp-content\/uploads\/2019\/02\/multi-storey-car-park-1680464_1920-1024x683.jpg\" alt=\"\" class=\"wp-image-280\" srcset=\"https:\/\/mingarden.de\/wp-content\/uploads\/2019\/02\/multi-storey-car-park-1680464_1920-1024x683.jpg 1024w, https:\/\/mingarden.de\/wp-content\/uploads\/2019\/02\/multi-storey-car-park-1680464_1920-300x200.jpg 300w, https:\/\/mingarden.de\/wp-content\/uploads\/2019\/02\/multi-storey-car-park-1680464_1920-768x512.jpg 768w, https:\/\/mingarden.de\/wp-content\/uploads\/2019\/02\/multi-storey-car-park-1680464_1920-892x594.jpg 892w, https:\/\/mingarden.de\/wp-content\/uploads\/2019\/02\/multi-storey-car-park-1680464_1920-150x100.jpg 150w, https:\/\/mingarden.de\/wp-content\/uploads\/2019\/02\/multi-storey-car-park-1680464_1920.jpg 1920w\" sizes=\"auto, (max-width: 1024px) 100vw, 1024px\" \/><\/figure>\n\n\n\n<figure class=\"wp-block-image size-large\"><img loading=\"lazy\" decoding=\"async\" width=\"1024\" height=\"570\" data-id=\"281\" src=\"http:\/\/mingarden.eu\/wp-content\/uploads\/2019\/02\/multi-storey-car-park-2705368_1920-1024x570.jpg\" alt=\"\" class=\"wp-image-281\" srcset=\"https:\/\/mingarden.de\/wp-content\/uploads\/2019\/02\/multi-storey-car-park-2705368_1920-1024x570.jpg 1024w, https:\/\/mingarden.de\/wp-content\/uploads\/2019\/02\/multi-storey-car-park-2705368_1920-300x167.jpg 300w, https:\/\/mingarden.de\/wp-content\/uploads\/2019\/02\/multi-storey-car-park-2705368_1920-768x427.jpg 768w, https:\/\/mingarden.de\/wp-content\/uploads\/2019\/02\/multi-storey-car-park-2705368_1920-892x496.jpg 892w, https:\/\/mingarden.de\/wp-content\/uploads\/2019\/02\/multi-storey-car-park-2705368_1920.jpg 1920w\" sizes=\"auto, (max-width: 1024px) 100vw, 1024px\" \/><\/figure>\n<\/figure>\n\n\n\n<p><\/p>\n","protected":false},"excerpt":{"rendered":"<p>Mit der Bahn vom Haupfbahnhof&#8230;. Vom Hauptbahnhof D\u00fcsseldorf aus fahren Sie mit der U78 oder U79 bis zur Station ERGO-Platz\/Kleve Strasse (max. 7 Minuten). Nehmen Sie den Ausgang Cordobastra\u00dfe. Wenn Sie nun aus der U-Bahnhaltestelle kommen und noch ca. 15m weiter geradeaus gehen, kommt links ein garagentorgro\u00dfer Durchgang. Durch diesen kommen Sie in unseren Innenhof. [&hellip;]<\/p>\n","protected":false},"author":1,"featured_media":277,"parent":0,"menu_order":0,"comment_status":"closed","ping_status":"closed","template":"template-wide-page.php","meta":{"footnotes":""},"class_list":["post-20","page","type-page","status-publish","has-post-thumbnail","hentry"],"_links":{"self":[{"href":"https:\/\/mingarden.de\/index.php?rest_route=\/wp\/v2\/pages\/20","targetHints":{"allow":["GET"]}}],"collection":[{"href":"https:\/\/mingarden.de\/index.php?rest_route=\/wp\/v2\/pages"}],"about":[{"href":"https:\/\/mingarden.de\/index.php?rest_route=\/wp\/v2\/types\/page"}],"author":[{"embeddable":true,"href":"https:\/\/mingarden.de\/index.php?rest_route=\/wp\/v2\/users\/1"}],"replies":[{"embeddable":true,"href":"https:\/\/mingarden.de\/index.php?rest_route=%2Fwp%2Fv2%2Fcomments&post=20"}],"version-history":[{"count":49,"href":"https:\/\/mingarden.de\/index.php?rest_route=\/wp\/v2\/pages\/20\/revisions"}],"predecessor-version":[{"id":2120,"href":"https:\/\/mingarden.de\/index.php?rest_route=\/wp\/v2\/pages\/20\/revisions\/2120"}],"wp:featuredmedia":[{"embeddable":true,"href":"https:\/\/mingarden.de\/index.php?rest_route=\/wp\/v2\/media\/277"}],"wp:attachment":[{"href":"https:\/\/mingarden.de\/index.php?rest_route=%2Fwp%2Fv2%2Fmedia&parent=20"}],"curies":[{"name":"wp","href":"https:\/\/api.w.org\/{rel}","templated":true}]}}