{"id":19,"date":"2019-01-29T17:07:24","date_gmt":"2019-01-29T16:07:24","guid":{"rendered":"http:\/\/localhost\/wordpress2\/?page_id=19"},"modified":"2023-01-16T17:40:33","modified_gmt":"2023-01-16T16:40:33","slug":"veranstaltungen","status":"publish","type":"page","link":"https:\/\/mingarden.de\/?page_id=19","title":{"rendered":"Gut zu wissen&#8230;"},"content":{"rendered":"\n<p class=\"has-text-align-center has-large-font-size\"> <strong>Willkommen in D\u00fcsseldorf <\/strong><\/p>\n\n\n\n<p class=\"has-text-align-center has-medium-font-size\"><strong>Am Rhein den Abend ausklingen lassen, im Fu\u00dfballstadion mit der Menge  mitfiebern,   oder auf der K\u00f6 shoppen gehen. Das alles ist in D\u00fcsseldorf  m\u00f6glich. Schaffen Sie sich ein eigenes Bild von der Landeshauptstadt. Besuchen Sie die nur 4km entfernte Messe D\u00fcsseldorf oder gleich die l\u00e4ngste Theke der Welt. Auf den folgenden Links erfahren Sie alles \u00fcber anstehende Veranstaltungen und Messen in D\u00fcsseldorf.<\/strong><\/p>\n\n\n\n<p class=\"has-text-align-center has-medium-font-size\"><strong><a rel=\"noreferrer noopener\" href=\"https:\/\/www.duesseldorf.de\/touristik.html\" data-type=\"URL\" data-id=\"https:\/\/www.duesseldorf.de\/touristik.html\" target=\"_blank\"><mark style=\"background-color:rgba(0, 0, 0, 0)\" class=\"has-inline-color has-red-color\">F\u00fcr Informationen \u00fcber den Tourismus in D\u00fcsseldorf hier klicken<\/mark><\/a><\/strong><\/p>\n\n\n\n<p class=\"has-text-align-center has-medium-font-size\"><strong><a href=\"https:\/\/www.duesseldorf-tourismus.de\/erleben\/veranstaltungen\/veranstaltungskalender#\/event\" data-type=\"URL\" data-id=\"https:\/\/www.duesseldorf-tourismus.de\/erleben\/veranstaltungen\/veranstaltungskalender#\/event\" target=\"_blank\" rel=\"noreferrer noopener\">F\u00fcr den Veranstaltungskalender hier klicken<\/a><\/strong><\/p>\n\n\n\n<p class=\"has-text-align-center has-medium-font-size\"><strong><a href=\"https:\/\/www.messe-duesseldorf.de\/cgi-bin\/md_home\/lib\/pub\/tt.cgi\/Messen_national_international.html?oid=415&amp;lang=1&amp;ticket=g_u_e_s_t\" data-type=\"URL\" data-id=\"https:\/\/www.messe-duesseldorf.de\/cgi-bin\/md_home\/lib\/pub\/tt.cgi\/Messen_national_international.html?oid=415&amp;lang=1&amp;ticket=g_u_e_s_t\" target=\"_blank\" rel=\"noreferrer noopener\">F\u00fcr die \u00dcbersicht der Messen hier klicken<\/a><\/strong><\/p>\n\n\n\n<p class=\"has-text-align-center has-medium-font-size\"><strong><a href=\"https:\/\/www.rheinbahn.de\/tickets-und-tarife\/gelegenheitsfahrer\" data-type=\"URL\" data-id=\"https:\/\/www.rheinbahn.de\/tickets-und-tarife\/gelegenheitsfahrer\" target=\"_blank\" rel=\"noreferrer noopener\">F\u00fcr Informationen und Tickets der Rheinbahn hier klicken <\/a><\/strong><\/p>\n\n\n\n<p><\/p>\n\n\n\n<p><\/p>\n\n\n\n<p><\/p>\n","protected":false},"excerpt":{"rendered":"<p>Willkommen in D\u00fcsseldorf Am Rhein den Abend ausklingen lassen, im Fu\u00dfballstadion mit der Menge mitfiebern, oder auf der K\u00f6 shoppen gehen. Das alles ist in D\u00fcsseldorf m\u00f6glich. Schaffen Sie sich ein eigenes Bild von der Landeshauptstadt. Besuchen Sie die nur 4km entfernte Messe D\u00fcsseldorf oder gleich die l\u00e4ngste Theke der Welt. Auf den folgenden Links [&hellip;]<\/p>\n","protected":false},"author":1,"featured_media":257,"parent":0,"menu_order":0,"comment_status":"closed","ping_status":"closed","template":"","meta":{"footnotes":""},"class_list":["post-19","page","type-page","status-publish","has-post-thumbnail","hentry"],"_links":{"self":[{"href":"https:\/\/mingarden.de\/index.php?rest_route=\/wp\/v2\/pages\/19","targetHints":{"allow":["GET"]}}],"collection":[{"href":"https:\/\/mingarden.de\/index.php?rest_route=\/wp\/v2\/pages"}],"about":[{"href":"https:\/\/mingarden.de\/index.php?rest_route=\/wp\/v2\/types\/page"}],"author":[{"embeddable":true,"href":"https:\/\/mingarden.de\/index.php?rest_route=\/wp\/v2\/users\/1"}],"replies":[{"embeddable":true,"href":"https:\/\/mingarden.de\/index.php?rest_route=%2Fwp%2Fv2%2Fcomments&post=19"}],"version-history":[{"count":5,"href":"https:\/\/mingarden.de\/index.php?rest_route=\/wp\/v2\/pages\/19\/revisions"}],"predecessor-version":[{"id":2002,"href":"https:\/\/mingarden.de\/index.php?rest_route=\/wp\/v2\/pages\/19\/revisions\/2002"}],"wp:featuredmedia":[{"embeddable":true,"href":"https:\/\/mingarden.de\/index.php?rest_route=\/wp\/v2\/media\/257"}],"wp:attachment":[{"href":"https:\/\/mingarden.de\/index.php?rest_route=%2Fwp%2Fv2%2Fmedia&parent=19"}],"curies":[{"name":"wp","href":"https:\/\/api.w.org\/{rel}","templated":true}]}}